2 - 25*f + 11. What is the hundreds digit of u(18)?
2
Let n(y) = y**2 + 2*y - 2. Let l(w) = w. Let c be l(3). What is the tens digit of n(c)?
1
Let z(n) be the third derivative of -1/60*n**5 - n**3 + 0*n + n**2 + 0 + 3/8*n**4. What is the units digit of z(8)?
2
Let r = -130 + 229. Let j = r + -53. What is the tens digit of j?
4
Let g(j) = 9*j + 6. What is the units digit of g(5)?
1
Let b(o) = 35*o - 1. What is the units digit of b(6)?
9
Suppose -2*i + 51 = 3. What is the tens digit of i?
2
Let y be (2 - -1)*10/15. Suppose -128 = -4*r + 2*o - 5*o, -y*r + 54 = -o. What is the units digit of r?
9
Let l(q) = 7*q**2 - 1 - 5*q**2 + 4*q + 5*q**2. Let s(f) = -20*f**2 - 11*f + 4. Let x(r) = -17*l(r) - 6*s(r). What is the units digit of x(5)?
8
Let k be 10*((-14)/(-4) + -2). Let h = k - 7. What is the units digit of h?
8
Let a(m) be the first derivative of m**5/60 - m**4/24 + m**3/6 - m**2/2 - 2. Let k(p) be the second derivative of a(p). What is the units digit of k(2)?
3
Let y = -16 + 56. What is the units digit of y?
0
Suppose -4*o + w + 44 = 0, o = -6*w + w + 32. What is the units digit of o?
2
Let b = 1195 + -843. What is the hundreds digit of b?
3
Let o(a) = 2*a - 4. Let c be 6/2 + (7 - 2). Let d be o(c). Suppose -w + 3 = -d. What is the units digit of w?
5
Suppose 5*i - 4*k = 26, 2 = -2*i - 2*k - 2. Suppose -3*b - i*b = -70. What is the units digit of b?
4
Suppose 3*j = -0*j. Let z(q) = -q**3 + q**2 + q + 12. What is the tens digit of z(j)?
1
Suppose r = -0*r. Suppose r*j = -4*j + 136. What is the units digit of j?
4
Suppose -3*x - 4 = -220. Let q = x - 39. What is the tens digit of q?
3
Let p = 5 - 2. Suppose 2*a - t = -4, 5*a + 3*t = 7*t - 4. What is the units digit of 1 + a*(1 - p)?
9
Suppose 2*o - 3*o = 3. Let x(l) = l**2 - 8*l + 8. Let d be x(5). Let i = o - d. What is the units digit of i?
4
Suppose b + 5*w = 5*b - 109, -b + 21 = 5*w. Let z = -7 + b. What is the tens digit of z?
1
Suppose -3*z + 2*z + 273 = 0. What is the units digit of z?
3
Let v = -96 - -136. What is the tens digit of v?
4
Let o(h) be the third derivative of -h**5/60 - 7*h**4/24 - h**3/6 + h**2. What is the units digit of o(-5)?
9
Let g(n) = 2*n**2 - 13*n - 4. Let w(d) = -5*d**2 + 27*d + 9. Let f(b) = -7*g(b) - 3*w(b). Let v be f(-5). What is the units digit of 5/(75/v)*-5?
8
What is the units digit of (136/12)/((-2)/(-21))?
9
Let z be 10/4*20/(-25). What is the tens digit of 4/8 - 21/z?
1
Let i(x) = x**3 + 4*x**2 - 7*x - 4. Let a be i(-5). Let h be (0 - -1)/(a/18). Suppose 2*z - 2*l - 19 = -h*l, -l + 46 = 5*z. What is the units digit of z?
9
Suppose 2*j - 160 = 2*v, j + 4*v = 36 + 44. What is the units digit of j?
0
Suppose n = 2*r - 61, -2*n + 0*n + 64 = 2*r. What is the units digit of r?
1
Let g(u) = u**2 + 8*u + 7. Let o(t) = t**3 - t - 11. Let p be o(0). What is the units digit of g(p)?
0
Suppose -2*z - 22 = -4*y, -4*y + 8*z + 21 = 5*z. What is the units digit of y?
6
Suppose 4*z = 50 - 138. What is the units digit of (z/(-2)*-2)/(-1)?
2
Let z(j) = j**3 + 14*j**2 + 5*j - 20. What is the tens digit of z(-11)?
8
Let k(o) = 10*o**2 + 3*o + 4. What is the tens digit of k(-4)?
5
Suppose -5 = -2*w - 43. Let y = w + 32. What is the units digit of y?
3
Let c be 1 - ((-1 - 4) + -2). Let a = -7 + 11. Suppose -28 = -a*i + c. What is the units digit of i?
9
Let i(k) = -k**2 + 8 + 3*k + 3*k - 4*k**2 + 4*k**2. Let w = -5 - -12. What is the units digit of i(w)?
1
Let p be (-30)/(-12)*2*5. Suppose 4*j = 5*w - 10, j + 4*j - p = 0. What is the units digit of w?
6
Suppose -m = -d - 93, 119 = 3*m - 4*d - 159. What is the units digit of m?
4
Suppose -3*q + 8*q - 40 = 0. Suppose 0*o - q = 2*o. Let w(m) = m**2 + 3*m + 6. What is the units digit of w(o)?
0
Let s be ((-3)/2)/((-2)/4). What is the units digit of -45*3/(-3*s)?
5
What is the units digit of (-14*1/(-2))/(3/21)?
9
Let o = -6 - -5. Let s = 3 - o. What is the units digit of s?
4
Let s = -21 - -59. What is the tens digit of s?
3
Suppose -5*s + 15 = -5. Suppose -3 = s*h - 43. What is the units digit of h?
0
Let z(d) be the second derivative of d**4/6 - 2*d**3/3 - d. Let g be z(4). What is the units digit of g/40 + 66/10?
7
Let w = 196 - 106. Let b = w + -61. What is the units digit of b?
9
Let h be (-58)/18 + 34/153. Let s(y) = -12*y - 4. What is the tens digit of s(h)?
3
What is the units digit of (-4 - ((-18)/3 - 0)) + 321?
3
Suppose 0 = -2*g, 4*m - 4 - 8 = 2*g. Suppose 2*i = -q + 10, 7 - 4 = -m*i + 3*q. What is the units digit of i?
3
Let h = -158 - -267. What is the tens digit of h?
0
Suppose 7*g - 25 = 2*g. Suppose 0 = -g*d + 6*d - 23. What is the units digit of d?
3
Suppose 3*l + 2*i - 260 = 229, l = 4*i + 177. What is the tens digit of l?
6
Let a = -46 + 101. What is the tens digit of a?
5
Let l = 4 + -6. Let j be ((-480)/(-3))/l*-1. Suppose -3*u - u = -5*y + j, 0 = 3*y + 3*u - 48. What is the tens digit of y?
1
Suppose -5*k = 4*x - 179, -3*k - 25 + 134 = 4*x. What is the tens digit of k?
3
Let t(z) be the third derivative of 5*z**4/12 - z**3/3 + 3*z**2. Let a be t(-2). Let l = -12 - a. What is the tens digit of l?
1
Suppose -5*o + f + 230 = -4*f, -2*o + 107 = -5*f. What is the units digit of o?
1
Suppose 2*u - 29 = 5*x, -2*u - 3*x + 4*x = -9. Suppose -4*k + 4*n = -8, -k - u*n + 12 = 2*n. What is the units digit of k?
4
Let r = 4 + -2. Suppose 0 = 5*z - h - 14, 3*h + 3 + 11 = z. Suppose a - r*k = -z, k + 19 = -2*a + 5*a. What is the units digit of a?
8
Suppose -4*z = 4*w - 376, 206 = 2*z - 7*w + 3*w. What is the tens digit of z?
9
Let o(b) = 35*b**3 + 2*b**2 - 3*b - 1. Let k(h) = -34*h**3 - 2*h**2 + 2*h + 1. Let d(j) = -3*k(j) - 2*o(j). What is the tens digit of d(1)?
3
Let q be (-8)/2*(-10 - -8). Let s be -2 + (-1)/(-2)*-2. Let x = s + q. What is the units digit of x?
5
Let p(k) = k + 58. What is the tens digit of p(-13)?
4
Let a(d) = d**3 - 8*d**2 - d + 11. What is the hundreds digit of a(10)?
2
Let i be -46 - (0/2)/(-4). Let z = i + 84. What is the tens digit of z?
3
Let x = 7 + -4. Suppose -1 = -x*j + 11. Suppose j*t = t + 36. What is the units digit of t?
2
Let j = 3 + -7. What is the units digit of (1 + -3)/(j/2)?
1
Suppose -3*g - 2 + 20 = 0. Let l be 56/12 - 4/g. Suppose 5*y = l*a - 8*a + 3, 5*a = 3*y + 13. What is the units digit of a?
2
Suppose -2*n + 4 = -4*n. Let h = n + 0. What is the units digit of (3/(-2))/(h/4)?
3
Let v be (3 - (-39)/(-9))*-3. Suppose 3*k + v*b - 76 = -k, -4 = 2*b. What is the tens digit of k?
2
Let u(r) = 24*r**2 - 2*r + 6. What is the hundreds digit of u(-3)?
2
Let y be 0/(-3) - -1 - -2. Suppose 0*d - 2*d = -b + 10, -3*b + y*d = -18. Suppose -b*a + 1 = -1. What is the units digit of a?
1
Suppose -11*b + 7*b + 456 = 0. What is the units digit of b?
4
Let k = 19 - -4. What is the units digit of k?
3
Suppose 5*z + 5*j = z + 52, 4*z - 4*j = 16. What is the units digit of z?
8
What is the units digit of (-25)/5*-10 - 0?
0
Let q(n) = n + 43. What is the tens digit of q(-23)?
2
Suppose -38 = 4*l - x, -l + x = -6*l - 43. Let j = l + 9. Suppose 5*b + j*u + 3*u - 33 = 0, 4*b = u + 23. What is the units digit of b?
6
Let s(i) = 5 + 7 - 3 - 12*i. Let n(z) = -6*z + 4. Let w(y) = -7*n(y) + 3*s(y). What is the units digit of w(2)?
1
Let c be 4*(-2*2)/(-4). Suppose -c*i + 5*a + 74 = 0, a = 2 - 0. What is the tens digit of i?
2
What is the tens digit of (-21 + 20)*(-54 + 0)?
5
Let r(p) = p**3 + 4*p**2 - p. What is the units digit of r(-3)?
2
Let h = -1 + 7. Let k be 13 + h/(-9)*3. Suppose -l + k = 3. What is the units digit of l?
8
Suppose -5*r = -2 - 13. Suppose 4*f = r + 9. What is the units digit of f?
3
What is the units digit of -1*(-20)/(-6)*(55 - 61)?
0
Let b(n) = n**3 - 9*n**2 + n + 5. Let o(i) = i**3 - i**2 + i + 1. Let w(m) = b(m) - 2*o(m). Let l be w(-7). Suppose k = -k + l. What is the units digit of k?
5
Suppose -1328 = -16*k + 8*k. What is the tens digit of k?
6
Let x = 43 + -26. Let g = x - -1. Suppose g + 6 = 2*p. What is the units digit of p?
2
Let x be (39/26)/(6/32). Let c(a) = -a**3 + 6*a**2 - a. Let f be c(6). Let t = x + f. What is the units digit of t?
2
Suppose -l - 2*p = -12, -3*l - 5*p = -0*p - 31. What is the units digit of -1*2/l*-2?
2
Suppose -3*x + 2*x + 20 = 0. Let y = 33 - x. What is the tens digit of y?
1
Let z(p) = 5*p - 1. Let c be z(1). Suppose c*d + 0*d = 12. What is t